{"id":1142,"date":"2025-08-14T08:23:07","date_gmt":"2025-08-14T08:23:07","guid":{"rendered":"https:\/\/operatrafik.com\/product\/vega-magna-toro\/"},"modified":"2025-09-01T12:32:01","modified_gmt":"2025-09-01T12:32:01","slug":"vega-magna-toro","status":"publish","type":"product","link":"https:\/\/operatrafik.com\/hu\/termek\/vega-magna-toro\/","title":{"rendered":"Vega Magna Toro"},"content":{"rendered":"<p>Az ipar\u00e1g legend\u00e1ja, Manuel Quesada \u00e1ltal k\u00e9sz\u00edtett Vega Magna Toro szivarban a n\u00f6v\u00e9ny mindh\u00e1rom r\u00e9sz\u00e9b\u0151l sz\u00e1rmaz\u00f3 (Ligeros, Visos \u00e9s Secos) pr\u00e9mium dominikai doh\u00e1nyok tal\u00e1lhat\u00f3k, amelyeket egy \u00edzletes, napon termesztett ecuadori bor\u00edt\u00f3 bor\u00edt. A meggy\u00fajt\u00e1s ut\u00e1n egy testes f\u00fcstre sz\u00e1m\u00edthat, amely az \u00e9des \u00e9s pik\u00e1ns f\u0171szerek mag\u00e1val ragad\u00f3 kever\u00e9k\u00e9vel, kaka\u00f3, aszalt gy\u00fcm\u00f6lcs\u00f6k \u00e9s c\u00e9drus jegyeivel \u00e9kes\u00edtve.<\/p>","protected":false},"excerpt":{"rendered":"<p>Az ipar\u00e1g legend\u00e1ja, Manuel Quesada \u00e1ltal k\u00e9sz\u00edtett Vega Magna Toro szivarban a n\u00f6v\u00e9ny mindh\u00e1rom r\u00e9sz\u00e9b\u0151l sz\u00e1rmaz\u00f3 (Ligeros, Visos \u00e9s Secos) pr\u00e9mium dominikai doh\u00e1nyok tal\u00e1lhat\u00f3k, amelyeket egy \u00edzletes, napon termesztett ecuadori bor\u00edt\u00f3 bor\u00edt. A meggy\u00fajt\u00e1s ut\u00e1n egy testes f\u00fcstre sz\u00e1m\u00edthat, amely az \u00e9des \u00e9s pik\u00e1ns f\u0171szerek mag\u00e1val ragad\u00f3 kever\u00e9k\u00e9vel, kaka\u00f3, aszalt gy\u00fcm\u00f6lcs\u00f6k \u00e9s c\u00e9drus jegyeivel \u00e9kes\u00edtve.<\/p>","protected":false},"featured_media":1141,"comment_status":"open","ping_status":"closed","template":"","meta":[],"product_brand":[438],"product_cat":[30],"product_tag":[],"class_list":{"0":"post-1142","1":"product","2":"type-product","3":"status-publish","4":"has-post-thumbnail","6":"product_brand-quesada","7":"product_cat-cigars","8":"pa_binder-dominica","9":"pa_color-colorado-claro","10":"pa_filler-origin-dominica","11":"pa_filler-type-longfiller","12":"pa_format-parejo","13":"pa_handmade-kezi-sodrasu","14":"pa_manufacturer-dominica","15":"pa_size-toro","16":"pa_strength-kozepes-eros","17":"pa_wrapper-ecuadorian-sun-grown","19":"first","20":"instock","21":"purchasable","22":"product-type-simple"},"aioseo_notices":[],"_links":{"self":[{"href":"https:\/\/operatrafik.com\/hu\/wp-json\/wp\/v2\/product\/1142","targetHints":{"allow":["GET"]}}],"collection":[{"href":"https:\/\/operatrafik.com\/hu\/wp-json\/wp\/v2\/product"}],"about":[{"href":"https:\/\/operatrafik.com\/hu\/wp-json\/wp\/v2\/types\/product"}],"replies":[{"embeddable":true,"href":"https:\/\/operatrafik.com\/hu\/wp-json\/wp\/v2\/comments?post=1142"}],"wp:featuredmedia":[{"embeddable":true,"href":"https:\/\/operatrafik.com\/hu\/wp-json\/wp\/v2\/media\/1141"}],"wp:attachment":[{"href":"https:\/\/operatrafik.com\/hu\/wp-json\/wp\/v2\/media?parent=1142"}],"wp:term":[{"taxonomy":"product_brand","embeddable":true,"href":"https:\/\/operatrafik.com\/hu\/wp-json\/wp\/v2\/product_brand?post=1142"},{"taxonomy":"product_cat","embeddable":true,"href":"https:\/\/operatrafik.com\/hu\/wp-json\/wp\/v2\/product_cat?post=1142"},{"taxonomy":"product_tag","embeddable":true,"href":"https:\/\/operatrafik.com\/hu\/wp-json\/wp\/v2\/product_tag?post=1142"}],"curies":[{"name":"wp","href":"https:\/\/api.w.org\/{rel}","templated":true}]}}

<p>Az iparág legendája, Manuel Quesada által készített Vega Magna Toro szivarban a növény mindhárom részéből származó (Ligeros, Visos és Secos) prémium dominikai dohányok találhatók, amelyeket egy ízletes, napon termesztett ecuadori borító borít. A meggyújtás után egy testes füstre számíthat, amely az édes és pikáns fűszerek magával ragadó keverékével, kakaó, aszalt gyümölcsök és cédrus jegyeivel ékesítve.</p>
